2392?
2, 7, 31, 347
What are the prime factors of 22035376?
2, 11, 125201
List the prime factors of 23960306.
2, 11980153
What are the prime factors of 47318?
2, 59, 401
What are the prime factors of 3740548?
2, 7, 103, 1297
What are the prime factors of 10642?
2, 17, 313
What are the prime factors of 3441418?
2, 1720709
What are the prime factors of 5042355?
3, 5, 336157
List the prime factors of 370233.
3, 31, 1327
What are the prime factors of 7441511?
7, 11, 96643
List the prime factors of 27237379.
13, 1409, 1487
What are the prime factors of 429611?
7, 13, 4721
What are the prime factors of 1232710?
2, 5, 131, 941
What are the prime factors of 664248?
2, 3, 13, 2129
What are the prime factors of 12662680?
2, 5, 316567
What are the prime factors of 545902?
2, 7, 38993
List the prime factors of 17798300.
2, 5, 13, 13691
List the prime factors of 1209377.
13, 41, 2269
List the prime factors of 531221.
19, 73, 383
What are the prime factors of 779524?
2, 53, 3677
What are the prime factors of 502042?
2, 283, 887
What are the prime factors of 46213?
37, 1249
What are the prime factors of 72018?
2, 3, 4001
What are the prime factors of 1467656?
2, 383, 479
What are the prime factors of 2640176?
2, 7, 11, 2143
What are the prime factors of 11238650?
2, 5, 53, 4241
List the prime factors of 817783.
817783
List the prime factors of 3768257.
3768257
List the prime factors of 280529.
53, 67, 79
List the prime factors of 1104212.
2, 41, 6733
List the prime factors of 13981492.
2, 7, 19, 41, 641
What are the prime factors of 19487240?
2, 5, 197, 2473
What are the prime factors of 7824165?
3, 5, 17, 61, 503
List the prime factors of 540074.
2, 270037
List the prime factors of 840698.
2, 420349
What are the prime factors of 932015?
5, 7, 31, 859
List the prime factors of 476609.
7, 68087
What are the prime factors of 760784?
2, 17, 2797
List the prime factors of 518345.
5, 103669
List the prime factors of 631642.
2, 11, 28711
What are the prime factors of 736910?
2, 5, 59, 1249
What are the prime factors of 34910628?
2, 3, 2909219
List the prime factors of 4839045.
3, 5, 37, 8719
List the prime factors of 6045512.
2, 11, 68699
What are the prime factors of 6275831?
1109, 5659
List the prime factors of 3250537.
701, 4637
What are the prime factors of 2420257?
7, 49393
List the prime factors of 20071442.
2, 10035721
List the prime factors of 2573372.
2, 31, 20753
List the prime factors of 2503129.
227, 11027
List the prime factors of 268393.
311, 863
What are the prime factors of 1841993?
19, 29, 3343
What are the prime factors of 25157783?
7, 3593969
What are the prime factors of 230510?
2, 5, 7, 37, 89
List the prime factors of 1194180.
2, 3, 5, 13, 1531
What are the prime factors of 56933?
17, 197
What are the prime factors of 8700169?
8700169
List the prime factors of 36634485.
3, 5, 137, 17827
What are the prime factors of 5542172?
2, 23, 107, 563
What are the prime factors of 2945122?
2, 1472561
What are the prime factors of 1289215?
5, 401, 643
List the prime factors of 560215.
5, 19, 5897
List the prime factors of 1869524.
2, 17, 19, 1447
What are the prime factors of 1259574?
2, 3, 209929
List the prime factors of 42971.
97, 443
What are the prime factors of 141146?
2, 70573
What are the prime factors of 535036?
2, 181, 739
What are the prime factors of 12527175?
3, 5, 19, 59, 149
List the prime factors of 64813.
7, 47, 197
What are the prime factors of 114557?
97, 1181
What are the prime factors of 928629?
3, 13, 7937
List the prime factors of 25120.
2, 5, 157
What are the prime factors of 904660?
2, 5, 45233
What are the prime factors of 2270954?
2, 7, 23173
What are the prime factors of 109434?
2, 3, 13, 23, 61
What are the prime factors of 288133?
17, 997
What are the prime factors of 3203462?
2, 1601731
List the prime factors of 666443.
421, 1583
What are the prime factors of 189344?
2, 61, 97
What are the prime factors of 214425?
3, 5, 953
What are the prime factors of 337198?
2, 168599
List the prime factors of 150400.
2, 5, 47
List the prime factors of 1085604.
2, 3, 13, 6959
List the prime factors of 2180794.
2, 7, 11, 17
What are the prime factors of 3278582?
2, 89, 113, 163
What are the prime factors of 13812083?
13812083
List the prime factors of 554874.
2, 3, 92479
List the prime factors of 5956428.
2, 3, 139, 3571
List the prime factors of 233142.
2, 3, 7, 13, 61
List the prime factors of 30763574.
2, 17, 904811
What are the prime factors of 6160184?
2, 173, 4451
What are the prime factors of 139866?
2, 3, 23311
What are the prime factors of 3560334?
2, 3, 19, 31231
List the prime factors of 1031185.
5, 206237
List the prime factors of 192777.
3, 13, 4943
List the prime factors of 222332.
2, 11, 31, 163
List the prime factors of 23120230.
2, 5, 7, 330289
What are the prime factors of 12895729?
7, 11, 373, 449
What are the prime factors of 190725?
3, 5, 2543
What are the prime factors of 4697176?
2, 11, 53377
List the prime factors of 1674500.
2, 5, 17, 197
List the prime factors of 7445632.
2, 58169
List the prime factors of 552366.
2, 3, 53, 193
What are the prime factors of 6582150?
2, 3, 5, 14627
List the prime factors of 346029.
3, 115343
List the prime factors of 2758514.
2, 11, 125387
What are the prime factors of 2972728?
2, 11, 37, 83
What are the prime factors of 11941478?
2, 47, 127037
List the prime factors of 1462251.
3, 7, 179, 389
What are the prime factors of 731703?
3, 7, 34843
List the prime factors of 257913.
3, 28657
What are the prime factors of 1230008?
2, 13, 11827
List the prime factors of 194740.
2, 5, 7, 13, 107
What are the prime factors of 13185960?
2, 3, 5, 109883
What are the prime factors of 4106322?
2, 3, 11, 31, 223
What are the prime factors of 608710?
2, 5, 29, 2099
List the prime factors of 63387.
3, 7043
What are the prime factors of 211332?
2, 3, 11, 1601
List the prime factors of 59391.
3, 6599
What are the prime factors of 13457571?
3, 79, 56783
What are the prime factors of 3969406?
2, 7, 281, 1009
What are the prime factors of 664854?
2, 3, 29, 3821
What are the prime factors of 3347553?
3, 11, 19, 281
List the prime factors of 5005411.
5005411
List the prime factors of 2046628.
2, 43, 73, 163
What are the prime factors of 105666?
2, 3, 11, 1601
What are the prime factors of 2657400?
2, 3, 5, 43, 103
List the prime factors of 9081985.
5, 11, 61, 2707
What are the prime factors of 37305723?
3, 7, 13, 136651
What are the prime factors of 4870577?
127, 38351
List the prime factors of 8954302.
2, 7, 277, 2309
List the prime factors of 1407659.
11, 73, 1753
What are the prime factors of 5478393?
3, 23, 79397
What are the prime factors of 293871?
3, 23, 4259
What are the prime factors of 393291?
3, 89, 491
List the prime factors of 7590748.
2, 11, 172517
What are the prime factors of 1334637?
3, 16477
List the prime factors of 75968.
2, 1187
List the prime factors of 160980.
2, 3, 5, 2683
List the prime factors of 210759.
3, 163, 431
What are the prime factors of 837614?
2, 23, 131, 139
List the prime factors of 20854255.
5, 4170851
What are the prime factors of 106760?
2, 5, 17, 157
What are the prime factors of 1880268?
2, 3, 13, 17, 709
List the prime factors of 12738971.
7, 499, 521
List the prime factors of 599151.
3, 7, 103, 277
What are the prime factors of 15795284?
2, 3948821
List the prime factors of 1336696.
2, 167087
List the prime factors of 13250009.
13250009
What are the prime factors of 2511583?
151, 16633
List the prime factors of 290906.
2, 7, 11, 1889
List the prime factors of 254953.
193, 1321
What are the prime factors of 8656580?
2, 5, 239, 1811
List the prime factors of 3934102.
2, 19, 103529
What are the prime factors of 3003259?
7, 61291
List the prime factors of 19659952.
2, 13, 31, 3049
List the prime factors of 147310.
2, 5, 14731
What are the prime factors of 268339?
53, 61, 83
List the prime factors of 179862.
2, 3, 31, 967
List the prime factors of 833675.
5, 33347
List the prime factors of 1257275.
5, 50291
List the prime factors of 1299371.
71, 18301
List the prime factors of 1264909.
1264909
List the prime factors of 11347437.
3, 3782479
What are the prime factors of 2619236?
2, 409, 1601
List the prime factors of 2870194.
2, 1435097
What are the prime factor